Let k(j) = -j - 11. What is k(-16)?
5
Let v(h) = h**3 - 9*h**2 + 5*h - 2. Calculate v(7).
-65
Let t(a) = -a + 29. Give t(20).
9
Let i(j) = j**3 - 22*j**2 + 37*j + 28. Determine i(20).
-32
Let t(d) = 2*d**3 + 5*d**2 + d - 4. Give t(-3).
-16
Let l(c) = c**2 - 16*c + 18. Determine l(15).
3
Let h(q) = q**3 + 3*q**2 - q. Give h(-3).
3
Let v(l) = -22*l**2 + 4*l - 3. What is v(1)?
-21
Let b(i) = 24*i + 69. Determine b(-13).
-243
Let c(o) = o**2 + 24*o - 298. Determine c(-33).
-1
Let r(g) = -g**2 - 15*g + 754. Determine r(-36).
-2
Let h(p) = -p**3 + 19*p**2 - 60*p + 5. Give h(15).
5
Let d(a) = 37*a**3 - a**2. Determine d(1).
36
Let m(y) = 16*y - 9. Determine m(-5).
-89
Let o(w) = w**3 - 9*w**2 + 10*w + 2. What is o(8)?
18
Let t(q) = -5*q + 45. Determine t(6).
15
Let v(b) = 10*b**2 + b - 2. Give v(-2).
36
Let i(q) = -q**2 + 7*q + 6. Determine i(6).
12
Let h(y) = -12*y + 12. Calculate h(5).
-48
Let u(m) = -2*m + 12. Determine u(3).
6
Let g(u) = -6*u - 22. What is g(-4)?
2
Let k(v) = -4*v - 16. What is k(-14)?
40
Let h(x) = 12*x**3 - 3*x**2 - 2. Give h(2).
82
Let c(g) = g**3 + 7*g**2 + 10*g + 13. Calculate c(-7).
-57
Let i(t) = -t + 17. Determine i(0).
17
Let d(u) = u**2 - 4*u - 2. What is d(10)?
58
Let q(l) = -l**3 + 7*l**2 + 14*l - 12. Give q(6).
108
Let t(u) = 36*u - 11. Give t(0).
-11
Let m(b) = -18*b - 31. Calculate m(-2).
5
Let i(x) = -2*x**2 + 49*x + 17. Give i(25).
-8
Let i(q) = -3*q**2 - q. What is i(2)?
-14
Let v(k) = 9*k + 256. Give v(-34).
-50
Let c(r) = -r**3 + 4*r + 3. Determine c(-3).
18
Let y(p) = -p**2 + 10*p + 2. Determine y(8).
18
Let i(t) = 14*t**2 - t + 1. Determine i(1).
14
Let y(f) = 11*f + 420. What is y(-38)?
2
Let d(k) = 48*k + 159. What is d(-3)?
15
Let l(k) = 3*k - 4. Give l(2).
2
Let f(a) = 2*a**2 + 38*a + 90. Calculate f(-16).
-6
Let u(y) = 22*y - 12. Calculate u(-3).
-78
Let p(s) = s**2 - 18*s + 144. Give p(8).
64
Let f(g) = -3*g**3 + 2*g**2 - 7*g - 6. What is f(-3)?
114
Let q(w) = -w**2 + w - 1. Calculate q(2).
-3
Let a(f) = f**2 - f + 10. Give a(6).
40
Let m(v) = v**3 - 26*v**2 + v - 17. Give m(26).
9
Let t(y) = -7*y + 109. Give t(14).
11
Let d(q) = -q**2 - 2*q + 29. Calculate d(9).
-70
Let k(b) = b**3 - 5*b**2 - 5*b + 13. Calculate k(5).
-12
Let l(v) = v**3 + 25*v**2 - v - 14. Give l(-25).
11
Let t(l) = -3*l**2 + 2*l + 2. What is t(2)?
-6
Let z(u) = -2*u + 19. Calculate z(0).
19
Let w(s) = 26*s + 163. Give w(-7).
-19
Let n(i) = -i**2 + 19*i - 46. What is n(14)?
24
Let b(y) = y**3 - 4*y**2 - 4*y - 4. What is b(-3)?
-55
Let u(v) = -v**2 - 3*v - 5. What is u(-4)?
-9
Let f(i) = -27*i + 20. Determine f(-2).
74
Let j(q) = q**3 - 5*q**2 - 14*q - 6. Give j(7).
-6
Let o(c) = 15*c - 45. Give o(4).
15
Let p(u) = u**3 + 5*u**2 - 9*u + 7. Determine p(3).
52
Let c(i) = 2*i**3 + 16*i**2 - 4*i - 2. Give c(-8).
30
Let j(r) = r**2 + 2*r. Give j(-4).
8
Let q(r) = 17*r**2 + r - 1. Give q(1).
17
Let d(q) = q**3 - 11*q**2 + 12*q + 12. Give d(10).
32
Let l(q) = -q**3 - 4. Give l(0).
-4
Let u(z) = z**3 + 2*z**2 - z + 4. What is u(2)?
18
Let u(c) = 10*c**2 + 5*c - 5. What is u(-3)?
70
Let m(f) = 10*f**2 + f - 2. Calculate m(-2).
36
Let w(c) = -c**3 - 13*c**2 + 16*c + 38. What is w(-14)?
10
Let v(k) = -2*k - 36. Calculate v(-10).
-16
Let h(g) = -g**3 + 3*g**2 + 108*g - 7. Determine h(12).
-7
Let n(r) = -2*r**3 + 4*r**2 - 1. Calculate n(2).
-1
Let k(h) = -4*h**2 + 10*h + 7. Calculate k(-5).
-143
Let b(g) = 6*g - 77. What is b(13)?
1
Let b(f) = f + 6. Give b(-14).
-8
Let g(x) = -2*x**2 + x + 54. What is g(8)?
-66
Let n(u) = -u**3 - 14*u**2 - 8*u - 20. What is n(-13)?
-85
Let p(m) = 5*m - 1. Calculate p(0).
-1
Let t(z) = 3*z + 31. Calculate t(-5).
16
Let x(u) = -u**2 + 7*u + 9. What is x(9)?
-9
Let x(p) = -p - 6. Calculate x(-4).
-2
Let r(c) = 100*c**2 + 1. What is r(1)?
101
Let b(p) = p**3 + 4*p**2 - 13*p + 26. Calculate b(-7).
-30
Let g(y) = 2*y**2 + 7*y + 4. What is g(-4)?
8
Let y(x) = x**2 - 18*x - 4. Give y(18).
-4
Let x(y) = -2*y**2 + 3*y + 1. What is x(-2)?
-13
Let x(c) = 2*c**2 + 6*c + 1. Calculate x(-3).
1
Let i(x) = x + 26. Calculate i(-12).
14
Let g(x) = -x - 9. Give g(-7).
-2
Let w(p) = p**3 - 20*p**2 - 20*p - 14. Calculate w(21).
7
Let o(h) = -95*h + 1138. Calculate o(12).
-2
Let y(o) = -o**3 - 8*o**2 - 3*o - 1. What is y(-8)?
23
Let q(u) = -3*u**2 - 61*u + 49. Give q(-21).
7
Let o(s) = 2*s**3 + 13*s**2 - 6*s + 5. Determine o(-7).
-2
Let h(z) = z**2 + 11*z + 1. Calculate h(-12).
13
Let n(h) = -h**3 - 4*h**2 + 6*h - 1. Calculate n(-6).
35
Let b(p) = p**3 - 4*p**2 - 3. Determine b(5).
22
Let b(y) = y**3 - 8*y**2 + 3*y - 10. Give b(6).
-64
Let p(o) = -o**3 - 7*o**2 - 2*o - 10. Give p(-7).
4
Let l(p) = -p**3 + 5*p**2 - 6*p + 37. Determine l(6).
-35
Let z(w) = -w**2 + 12*w - 85. What is z(6)?
-49
Let b(d) = -3*d**2 + 56*d + 49. Calculate b(20).
-31
Let s(t) = -34*t - 157. Calculate s(-5).
13
Let j(z) = z - 6. What is j(8)?
2
Let w(u) = u**3 + 18*u**2 + 2*u + 31. What is w(-18)?
-5
Let g(t) = -2*t**3 - 22*t**2 - 24*t - 31. What is g(-10)?
9
Let u(g) = -g + 10. Give u(8).
2
Let a(u) = u**2 + 3*u - 24. Determine a(-8).
16
Let h(x) = 2*x**2 - 6*x + 1. Determine h(4).
9
Let t(w) = 54*w - 215. Give t(4).
1
Let q(a) = -a**2 + 14*a + 128. Give q(-6).
8
Let l(n) = -5*n + 6. What is l(3)?
-9
Let v(g) = g**2 - 5*g - 18. Determine v(-4).
18
Let w(p) = p**3 + 13*p**2 - 31*p - 20. Calculate w(-15).
-5
Let y(x) = -3*x**2 + 127*x - 37. Calculate y(42).
5
Let q(a) = a**3 - 5*a**2 + 3*a + 6. Give q(4).
2
Let b(a) = -a**2 + 229. What is b(-15)?
4
Let u(f) = -f**3 + 11*f**2 - 32*f + 18. Determine u(6).
6
Let j(w) = w**2 - 53*w - 228. Calculate j(-4).
0
Let r(f) = -2*f**2 + 20*f - 31. Determine r(10).
-31
Let q(p) = p**3 + 9*p**2 + 2*p - 37. Calculate q(-8).
11
Let b(x) = x**3 - 7*x**2 + 9*x + 7. Determine b(5).
2
Let v(s) = s**3 + s**2 - 3*s + 6. Give v(-4).
-30
Let l(g) = -3*g - 10. Determine l(-5).
5
Let v(y) = 2*y**3 + 19*y**2 + 8*y - 10. Calculate v(-9).
-1
Let d(r) = -r**3 + 3*r**2 + 3*r + 7. Give d(-3).
52
Let y(h) = -2*h + 57. Calculate y(29).
-1
Let h(x) = 2*x**2 + 72*x + 65. Determine h(-35).
-5
Let g(z) = 12*z + 122. Calculate g(-11).
-10
Let d(x) = x**2 + 4*x - 1. Give d(-7).
20
Let k(v) = v**3 + v**2 + v. Give k(2).
14
Let u(b) = -3*b - 22. Determine u(-8).
2
Let s(v) = -v**2 + 3*v + 3. Give s(-5).
-37
Let m(b) = 2*b - 3. Calculate m(7).
11
Let n(t) = t**2 - 5*t - 15. What is n(7)?
-1
Let f(h) = -9*h**2 - h + 1. Calculate f(1).
-9
Let n(y) = y**2 - 4*y. What is n(3)?
-3
Let a(s) = 2*s - 12. Give a(9).
6
Let t(o) = -o**2 + 9*o - 11. What is t(5)?
9
Let r(y) = -y**2 + 4*y - 4. Calculate r(3).
-1
Let f(l) = -l**2 - 7*l - 18. What is f(-6)?
-12
Let t(z) = -156*z**2 + 3*z - 3. Calculate t(1).
-156
Let t(j) = -11*j - 7. Give t(-2).
15
Let r(w) = w**3 + 36*w**2 - 114*w + 122. Determine r(-39).
5
Let c(w) = -16*w**3 + w**2 - 1. Determine c(-1).
16
Let v(c) = -3*c - 8. Determine v(-7).
13
Let w(m) = 5*m + 24. What is w(-11)?
-31
Let q(z) = 3*z**2 + 22*z + 5. Calculate q(-7).
-2
Let u(q) = -2*q - 44. Determine u(-25).
6
Let q(o) = -o**3 + 43*o**2 + 45*o - 55. Calculate q(44).
-11
Let a(v) = -v**3 + 5*v**2 - 5*v + 11. Give a(5).
-14
Let h(o) = 5*o**2 - 7*o - 6. Calculate h(-1).
6
Let o(q) = -2*q**2 - 12*q - 20. Calculate o(-10).
-100
Let r(a) = a**2 - a - 11. Give r(-6).
31
Let f(z) = 8*z**2 - 4*z. Calculate f(2).
24
Let z(k) = -k**3 - 5*k**2 + 3*k - 16. What is z(-6)?
2
Let s(c) = c**3 + 11*c**2 + 12*c + 21. Calculate s(-8).
117
Let p(m) = m**2 + 15*m + 20. Give p(-9).
-34
Let a(m) = 5*m**3 + 23*m**2 + 24*m + 7. Give a(-3).
7
Let z(l) = 2*l**3 + 21*l**2 + 7*l - 31. What is z(-10)?
-1
Let q(x) = x**3 + 7*x**2 - 59*x + 11. Calculate q(-12).
-1
Let x(y) = 3*y + 34. Calculate x(-13).
-5
Let k(g) = -25*g - 3. Give k(-2).
47
Let q(f) = 6*f + 14. Calculate q(4).
38
Let k(m) = -m**2 - 27*m - 22. What is k(-20)?
118
Let l(k) = k**2 - 3*k - 94. Give l(-9).
14
Let w(x) = -2*x + 26. Give w(11).
4
Let i(x) = -2*x + 42. What is i(18)?
6
Let c(i) = -2*i + 20. Give c(7).
6
Let h(r) = -2*r**2 - 21*r - 9. Calculate h(-10).
1
Let u(w) = 4*w + 63. Calculate u(-16).
-1
Let b(x) = -11*x + 11. Calculate b(-4).
55
Let w(d) = 20*d - 134. Give w(7).
6
Let l(u) = -u**3 - 4*u**2 - 3. Give l(-3).
-12
Let b(l) = -5*l - 103. What is b(-23)?
12
Let s(j) = -j - 5. What is s(3)?
-8
Let s